?
2
Suppose -3*n = -6, -4*y + 0*y = -5*n + 22. Let s(a) = 50*a**2 - 5*a - 2. Let c be s(y). Suppose -7*j + c - 120 = 0. What is the units digit of j?
9
Suppose -l = -5*l + 8. Let r be l/(((-8)/6)/(-2)). Suppose -r*i = -7*i + 340. What is the units digit of i?
5
Suppose -3*x + h = -2268, 3*x + h = -0*h + 2274. Let j = x + -428. What is the hundreds digit of j?
3
Suppose -12*b + 4*b = -40568. Suppose -16*g - 719 = -b. What is the tens digit of g?
7
Let r(d) = -8895*d + 663. What is the thousands digit of r(-3)?
7
Let h(k) = -21*k - 1. Let g(x) = -127*x - 7. Let d(y) = 6*g(y) - 34*h(y). Let u be d(-1). What is the units digit of (-8)/u + 312/10?
1
Let o = -32 - -67. Let i = 167 - o. Suppose -5*b = -3*m - 100, 3*b + 5*m - i + 38 = 0. What is the tens digit of b?
2
Let l(f) = -27*f**2 + f + 1. Let g be l(2). Let y = 19 - g. Let n = 166 - y. What is the units digit of n?
2
Let g(u) = 4*u + 91. Let z be g(-7). Let t be (-206)/(-3)*(-57)/(-19). Let b = t - z. What is the hundreds digit of b?
1
Let n = 4535 - 1553. What is the thousands digit of n?
2
Suppose 0 = -5*r + 15, 374 = 4*l - r - 287. Suppose -l - 248 = -g. Suppose -g = -7*s + s. What is the units digit of s?
9
Suppose 0 = -i - 4 + 1, -2*i = j + 4. Suppose 0 = j*x - 0*x. Suppose -6*t + 155 + 265 = x. What is the tens digit of t?
7
Let g = 6779 + 377. What is the hundreds digit of g?
1
Let q(r) = -29*r**3 + 16*r**2 + 72*r - 169. What is the hundreds digit of q(-10)?
7
Let a be -1 + 0 - 35 - (1 + -2). Let c = a - -38. Suppose -c*z = -7*z - 20, 3*s + 4*z = 79. What is the tens digit of s?
3
Suppose -30*d + 38*d = 1664. What is the thousands digit of (3/8)/(-1) + 288158/d?
1
Suppose 0 = -2*q - 16 + 26. Suppose 0 = 5*i + 2*t + 2678 - 11198, -4*t = -q*i + 8520. What is the tens digit of i?
0
Suppose 2*o - 335 = -91. Suppose 120*t = -123*t + 247*t. Let b = t + o. What is the tens digit of b?
2
Let m = -27274 + 40055. What is the tens digit of m?
8
Let f be (6 - 5)/(-1) + 26. Suppose b - 43 = -f. What is the tens digit of b?
1
Let x = -13 - -13. Let l = -22 + 25. Suppose 3*z + x*q - 576 = 3*q, -2*q - 578 = -l*z. What is the units digit of z?
4
Suppose -3853 = 12*l - 15946 - 3879. What is the thousands digit of l?
1
Let h be ((-12)/20)/((-3)/15*1). Let l(s) = -5*s**3 + 12*s + 17*s**h - 11*s + 9*s**3. What is the tens digit of l(1)?
2
Suppose -6*v + 298 = -2126. Suppose 2*n + 5*z - v = 0, -z = -n + 96 + 106. What is the hundreds digit of n?
2
Suppose 15*a - 253*a + 5007229 = 420255. What is the hundreds digit of a?
2
Let y = 31544 + 17398. What is the tens digit of y?
4
Suppose 2*l - 45 = -7*l. Let i = l - 0. Suppose i*a - 770 = t, -3*t = -2*a - 0*t + 321. What is the hundreds digit of a?
1
Let i = 473 + -468. Suppose 2*u = 10, i*n - 499 - 406 = -4*u. What is the units digit of n?
7
Suppose 0 = -5*k - 3*p + 154, -124 = -4*k - 0*p - 2*p. Suppose 0 = c - k + 10. Let m = 24 - c. What is the units digit of m?
2
Suppose -177*c - 93*c + 42*c + 12759564 = 0. What is the thousands digit of c?
5
Let t(l) = l**3 - 7*l**2 + 8*l - 9. Let j be t(6). What is the tens digit of (-1)/j - -348*22/99?
7
Suppose 3*n + 3 = 27. Let h = -2541 + 2554. Suppose -720 = -h*v + n*v. What is the hundreds digit of v?
1
Let f be ((-4)/(-12))/(3/(-16668)). Let y = -387 - f. What is the thousands digit of y?
1
Let u = -16229 - -23461. What is the hundreds digit of u?
2
What is the units digit of 2136/(-96) - -22 - (-323319)/12?
3
Let f be ((-2)/3)/(8/60). Let j(g) = -2*g**2 - 6*g**3 - g**2 + 2*g**3 + 7 + 2*g**3. What is the units digit of j(f)?
2
Let o(a) = 2*a**3 + 7*a**2 + 2*a + 4. Let n be o(-5). Let p = 84 + n. Suppose 0 = p*k - 7 - 116. What is the units digit of k?
1
Suppose 4*r = -2*v + 10560, 3*r - 3953 = -v + 1323. What is the tens digit of v?
8
Let m be 286/65 - (-3)/5. Let u be m + 22/(-10) + 7/35. Suppose 4*l - 3*g = 146, -4*l + l + 108 = -u*g. What is the tens digit of l?
3
Suppose -5*t = 4*z - 49479, -5*z = 5*t - 19159 - 42696. What is the tens digit of z?
7
Let t = -4438 - -8947. Suppose -4*x = -0*x - p - t, 5*x = -2*p + 5646. What is the hundreds digit of x?
1
Suppose 0 = 11*i - 12*i + 4. Suppose 1412 = i*w + 416. Suppose 20*z - w = 17*z. What is the tens digit of z?
8
Suppose 2285 = -3*c - 0*x + 4*x, 2*c = 2*x - 1520. Let l = -524 - c. What is the units digit of l?
1
Let z be 2/(-10) - (32/5)/(-2). Suppose -i + 12 = -3*u, 0 = 3*i - z*u + 4*u - 66. Let j(n) = 5*n - 9. What is the tens digit of j(i)?
9
Suppose 0 = -3*s + 4*s + 5, -2*x = 5*s + 53. Let h be (-1 - 1)/(x/(-6) + -3). Suppose h*z = z + 304. What is the units digit of z?
2
Suppose 0 = -5*m + 5*f + 2740, 2*m - 4*f + 145 = 1247. What is the tens digit of m?
4
Let u = 4202 + 2123. What is the hundreds digit of u?
3
Suppose -2*i - 3 = -i. Let z(w) = -2*w**3 - 17*w**2 - 12*w + 26. Let k be z(-8). Let x = k + i. What is the units digit of x?
5
What is the units digit of 2/5 - (-16252479)/415?
3
Let u(o) = 4*o + 6. Let r = -23 + 26. Let k be u(r). What is the tens digit of (k - -4) + 0/1?
2
Let a = -100421 - -147895. What is the tens digit of a?
7
Let r be 1/(-3)*(-1 - 14). Suppose 4*w - 4*o = -0*w + 408, -4*w + o = -399. Suppose r*l - 4 = n - 0, -w = -4*n - 3*l. What is the units digit of n?
1
Let j = 49507 + -5143. What is the thousands digit of j?
4
Let f be 370/95 + 2/19. Suppose -b + 8 = f. Suppose -612 = -4*s + 2*o, b = -3*o + 4*o. What is the tens digit of s?
5
Suppose 51*d - 53*d + w = -19, -4*d + 4*w + 40 = 0. Suppose -d*g - 18297 = -28*g. What is the tens digit of g?
6
What is the units digit of 62/20*-2 + 7 + (-14632)/(-10)?
4
Let r(j) = 25*j + 251. Let n(o) = 2*o + 1. Let p(z) = 6*n(z) - r(z). What is the hundreds digit of p(-28)?
1
What is the tens digit of 11 + -6 + -27 - -79258?
3
Let a(b) = b**2 - 12*b + 7. Let r be a(11). What is the tens digit of 3*(-16)/6*190/r?
8
Let g(s) = s**3 + 53*s**2 + 35*s - 195. What is the hundreds digit of g(-48)?
6
Let z = 29726 - 14689. What is the hundreds digit of z?
0
Suppose -15*s + 70224 = 19*s - 10*s. What is the hundreds digit of s?
9
Suppose 3 - 88 = -5*v. Let x = v - 84. Let t = x - -95. What is the tens digit of t?
2
Suppose 41*x - 193842 = -58*x. What is the units digit of x?
8
Let r(p) be the third derivative of -7*p**5/60 + 3*p**4/8 - p**3 - 45*p**2 + 1. Let s be r(-6). Let f = s - -458. What is the units digit of f?
6
What is the thousands digit of ((-130587)/(-29))/((4 + -2)/2)?
4
Let z(u) = -76*u - 1. Let o be z(-2). Let k = 339 - o. What is the hundreds digit of k?
1
What is the units digit of 2/(2 + 0) - (236552/4)/(-1)?
9
Let g(d) = 530*d - 1449. What is the tens digit of g(20)?
5
Let j = 37039 + -32160. What is the units digit of j?
9
Let m = -77 - -42. Let y be (m/(-7) - 2) + (-1)/(-1). What is the tens digit of 16/4 + 424/y?
1
Suppose -59*y = -219488 - 132860. What is the hundreds digit of y?
9
Let k(p) = 2514*p - 3699. What is the thousands digit of k(5)?
8
Suppose -5*q + 5*v = -55, 0 = q - 2*v - 5 - 4. Suppose q*b + 111 - 306 = 0. Suppose -b + 183 = 4*t. What is the units digit of t?
2
Let b = -828 + 736. What is the thousands digit of (44735/b)/(3 - (-13)/(-4))?
1
Let v = 8861 - 7763. What is the tens digit of v?
9
Let q(n) = 4*n**2 - 2. Let d be q(-1). Suppose 0 = -v - d*w + 315, w - 361 = -v - 44. What is the hundreds digit of v?
3
Let p be (0 - 11)*9/9. Let w = p - -62. What is the tens digit of w?
5
Let d(w) = 40*w - 26. Suppose -4*y = 2*l + y - 5, 2*l - 2*y = 12. Let x be d(l). Let c = x + -43. What is the units digit of c?
1
Let a(j) = 44*j**2 - 3*j + 12. Let s be a(-3). Suppose w = 3*q + 482 - 62, w - 4*q = s. What is the tens digit of w?
2
Suppose -479*n + 481*n = -5*a + 23088, 2*a - 34665 = -3*n. What is the tens digit of n?
5
Let o(g) = 8*g**3 + 14*g**2 - 79*g + 114. What is the units digit of o(9)?
9
Let a(b) = 58*b**2 - 42*b + 373. What is the hundreds digit of a(8)?
7
Let l(x) = -x**2 - 28*x - 71. Let u be l(-25). Suppose -7*p = -u*p - 1206. What is the hundreds digit of p?
4
What is the hundreds digit of 6325650/360*(-8)/(-5)?
1
Let u(y) be the first derivative of 3*y**2/2 + 160*y - 202. What is the tens digit of u(24)?
3
Let u(p) be the second derivative of p**4/4 - 31*p**3/6 + 73*p**2/2 - 105*p. What is the tens digit of u(11)?
9
Suppose 0 = 8*g - 4*g - 4880. What is the thous